mposite?
False
Let v(b) be the third derivative of 7*b**4/24 - b**3/3 + b**2. Suppose 2*a = 7 + 1. Is v(a) prime?
False
Let p(v) = -2*v**3 - 3*v**2 + 4*v + 2. Suppose 2*w = 2*o + 3 + 5, 2*o = w - 7. Let f be p(o). Is -1 - -2*2*f a composite number?
False
Let m = -326 + 633. Is m prime?
True
Let m(q) = 133*q**3 + 4*q**2 + q - 3. Let h(k) = k**3 + k**2 - 1. Let w(r) = 2*h(r) - m(r). Is w(-2) a prime number?
False
Suppose -171 = -4*q - 3*j, 3*q + j + 0*j = 122. Suppose n = -2*n + q. Is n prime?
True
Suppose 3*c - 2*t - 16 = 0, t = 2*c - 8 - 2. Suppose -2*w + r = 4*r - 23, w = c*r - 16. Suppose 103 + 29 = w*o. Is o a prime number?
False
Let a(u) = -102*u. Let d = -9 + 8. Let j be a(d). Suppose n - 13 = j. Is n composite?
True
Let i(h) = -44*h + 1. Is i(-5) a prime number?
False
Let q(w) = w**3 + w - 7. Let i be q(0). Let d = i - -45. Suppose -2*n + 4*n = d. Is n a prime number?
True
Let x(c) be the first derivative of c**4/3 + c**3/3 - 5*c**2/2 + 2*c - 2. Let r(o) be the first derivative of x(o). Is r(4) prime?
True
Suppose -11 = -a + 3*o, -2 + 12 = 4*a + 5*o. Let p be 3764/10 + 4/(-10). Suppose a*f - p = 9. Is f composite?
True
Is 32/112 - (-2194)/14 composite?
False
Suppose -c = -6*c - 1940. Is c/(-6)*24/16 a composite number?
False
Suppose 7*a - 2*s = 3*a + 210, 3*a = 2*s + 160. Let j(v) = -a*v**3 + 16*v**3 - 33*v**3. Is j(-1) composite?
False
Let t = 3 - -19. Suppose -33 = q - 5*o + 5, q = -3*o - t. Let y = 50 + q. Is y a prime number?
False
Let f = 391 - 192. Is f a prime number?
True
Suppose u = -0*u + 119. Is u composite?
True
Let a(p) = p**2 - p - 5. Let g = -29 + 41. Suppose 2*q + g = -0*q. Is a(q) composite?
False
Is ((-530)/(-15))/((-6)/(-9)) composite?
False
Let m(v) be the first derivative of -7*v**2/2 - 9*v - 1. Let u be 8*-1 - (1 + -1). Is m(u) a prime number?
True
Let k(p) = 10*p**3 + 3*p**2 + 2*p + 4. Let o(j) = -2*j - 1. Let m be o(-2). Is k(m) prime?
True
Let k = 470 - 108. Suppose 2*y - k - 58 = 5*m, -4*y + 854 = -3*m. Is y composite?
True
Let h(q) = 13*q + 2. Let j = -1 + 4. Suppose -3*l = -j - 24. Is h(l) a composite number?
True
Let y(m) = -3*m - 2. Is y(-8) a composite number?
True
Let d(k) = k**2 + 10*k - 47. Is d(-22) a composite number?
True
Suppose -4*d + 5*s = -1388 - 10900, -3*d = -5*s - 9221. Is d composite?
False
Let p(z) = z**3 - 16*z**2 + 15*z - 9. Let l(v) = -v**2 + v + 1. Let m(s) = 4*l(s) - p(s). Is m(9) a prime number?
True
Suppose 4*i = 3*d + 6 + 17, 4*d - i = -35. Let h(a) = -a**3 - 8*a**2 + 9*a + 6. Is h(d) prime?
False
Suppose j + 3*j = 3*k + 1087, 286 = j + 4*k. Is j composite?
True
Let w(v) = 152*v + 22. Is w(6) composite?
True
Suppose -o - 22 = 56. Is (6 - 5) + (-2 - o) prime?
False
Let h = 54 - 15. Is h composite?
True
Suppose 34 + 192 = 3*t - 5*g, 3*g = -5*t + 388. Is t a composite number?
True
Let j be -4*(-4)/(16/(-3)). Let v be 2/j + (-4)/12. Is (1/v)/(6/(-894)) prime?
True
Let h = 3737 - 2628. Is h a composite number?
False
Suppose 0 = u + 4*b + 3, -3*u - 2*u = -4*b - 9. Suppose n - z = u, -n - 4*z + 0 - 14 = 0. Let w(q) = -2*q**3 + 2*q**2 + q + 1. Is w(n) composite?
False
Suppose -3*n + 2*n = -139. Is n prime?
True
Is 4/6 + (-280)/(-21) composite?
True
Suppose 2*x - 24 = -2. Let u = 28 + x. Is u prime?
False
Let u be 7 + (-3 - 4/(-2)). Suppose -2*q = -10, -q - 1 + u = -4*d. Is 1*-2 + d + 33 a prime number?
True
Let t(f) = 15*f**2 - 5*f + 27. Is t(-14) prime?
True
Let s = -244 + 363. Is s prime?
False
Let s(z) be the third derivative of z**4/8 + z**3/6 + 2*z**2. Let f be s(-1). Is ((-207)/(-36))/(f/(-8)) prime?
True
Let m(j) = j**2 - 9*j + 5. Let c be m(9). Suppose -3*k = 2*f - 173, c*k + 3*f + f - 289 = 0. Is k a prime number?
False
Let p = -79 + 986. Is p composite?
False
Suppose 0 = i - 3, -3*h - 4*i - 36 = i. Suppose o - 4*v = 55, -4*v + 55 - 188 = -3*o. Let n = o + h. Is n prime?
False
Let w(n) = -n**2 + n + 130. Suppose 0*q = -2*q. Let r be w(q). Suppose -15 = 5*x - r. Is x a prime number?
True
Suppose 0 = w - 2*d - 6, -5*w - 2*d + 7 - 1 = 0. Suppose 3*g = 4*k - 209, -k + 1 = w*g - 54. Is k a prime number?
True
Is 441 + 0 + (-24)/(-6) composite?
True
Let y be (4*(2 - 3))/(-1). Let r = 2 + y. Is 1299/15 + r/15 a composite number?
True
Let x = 61 - 60. Let c(q) be the second derivative of 73*q**4/12 + q**2/2 + q. Is c(x) a prime number?
False
Let b(y) = 4*y**3 - 11*y**2 + 25*y + 1. Is b(12) prime?
False
Suppose 3*w - 673 = 446. Is w prime?
True
Is (-10)/(-4)*(-18)/(-60)*452 a prime number?
False
Suppose 0*g - 3*g = -78. Is g prime?
False
Let t = -7 + 9. Suppose -2*l - l = -y - 9, 0 = t*l - y - 7. Is l/3 - (-494)/6 a composite number?
False
Let v(n) = n**3 - 9*n**2 + 11*n - 6. Let w be v(8). Let h be ((-3)/(-9))/(3/w). Suppose 6*g - 212 = h*g. Is g prime?
True
Let y(k) = 45*k + 4. Is y(3) prime?
True
Let r = 95 + -16. Is r prime?
True
Let s(l) = -336*l**3 - 7*l**2 + 11*l + 5. Let p(n) = -168*n**3 - 4*n**2 + 6*n + 3. Let q(t) = 7*p(t) - 4*s(t). Is q(1) composite?
False
Let v(o) = 4*o**3 + 11*o**2 - 8*o - 12. Let z(m) = m**3 + m**2 - m - 1. Let w(y) = v(y) - 5*z(y). Is w(5) prime?
True
Let n = 337 + 876. Is n prime?
True
Let z(k) = -3*k**3 + 8*k**2 + 5*k - 8. Let r(j) = j**3 - 1. Let s(t) = -2*r(t) - z(t). Is s(9) a composite number?
True
Suppose y = 3*z - 1131, -3*y + 754 = 2*z + 2*y. Is z a prime number?
False
Suppose -3*n = -5*b + 4 - 1, 3 = b. Let c = 83 + n. Is c composite?
True
Let a(b) = -2*b**2 - 2*b**2 + 0 - 4 + 5*b**2. Is a(-5) composite?
True
Suppose -3*y + f + 94 = -y, 5*y = -5*f + 205. Let w = -128 + y. Let c = w - -117. Is c a composite number?
True
Let w = -335 - -1008. Is w prime?
True
Let w(p) = 474*p - 7. Is w(4) a prime number?
True
Let i = 2 + 1. Let p(v) = 1 + 2 + i + 9*v - 2. Is p(3) a prime number?
True
Suppose -5*d = -0*d. Suppose d = -4*b - 0*b + 56. Is b prime?
False
Let j(v) = -v**2 + 203. Let l = -5 - -5. Is j(l) a prime number?
False
Let b(j) = -j**2 + 2*j. Let a be b(3). Let p(m) = -9*m**3 + 2*m**2 + 4. Is p(a) composite?
True
Suppose 7*d + 6419 = 14*d. Is d a composite number?
True
Suppose -4*o + 1328 = 4*q, 4*o = q - 4*q + 993. Is q prime?
False
Suppose -c + f = -3*f - 22, -4*f - 10 = 5*c. Let y be (2/(-3))/((-8)/36). Suppose -v - y*q + 0*q = -77, c*q - 437 = -5*v. Is v prime?
True
Let b(t) = t**3 - 4*t**2 + 7*t - 2. Let c be b(5). Suppose 5*g = 4*v + 18 + c, -13 = -g + 3*v. Suppose g + 19 = 5*j. Is j composite?
False
Let c(k) = k**2 + 7*k + 23. Is c(12) composite?
False
Let h be (-4)/(-6) - (-8)/6. Suppose -n + 15 = h*n. Suppose 5*f + 2*p = -0*p + 249, -n*f = -4*p - 237. Is f composite?
True
Let w(k) = 5*k - 3. Let h be w(2). Is (-2)/h + 1194/14 composite?
True
Suppose -4 = a + a - 4*c, -5*a - c + 1 = 0. Suppose a = -5*y + 12 + 3. Suppose -2*u - y*u + 165 = 0. Is u a composite number?
True
Suppose 0 = 3*v - 0*v. Let q(f) = -f**2 + 87. Is q(v) composite?
True
Suppose 2*r - 3*v = 9569, -3*r - 4*v + 4801 = -2*r. Is r a prime number?
True
Suppose 2 = 2*x - 2. Let s(j) = -j**2 + j. Let b be s(x). Is (-16 + 2)*1/b a composite number?
False
Let r be 4/(-1)*(-7)/14. Is ((-483)/(-6))/(r/4) prime?
False
Let j = 2780 + -1665. Let r be j/15 + 2/(-6). Suppose 0 = -m - 3*y + 22, y + r = 2*m + 9. Is m a prime number?
True
Let y(n) = -7 + 0*n + n**2 + 0*n + 4*n. Let p be y(-6). Suppose -15 = -p*m + 5. Is m prime?
False
Let b(s) = -s - s**3 + 93 - 3*s**2 + 4*s**2 - s**2 + s**2. Is b(0) a composite number?
True
Let p(w) = w + 15. Let i be p(-11). Suppose i*t + c - 89 = 0, 3*t - 24 = 2*t - 2*c. Is t a composite number?
True
Let w(k) = 2*k**3 - k**2 + 8*k + 12. Let v(y) = 3*y**3 - 3*y**2 + 16*y + 23. Let x(f) = 3*v(f) - 5*w(f). Let h = 0 + -6. Is x(h) a composite number?
True
Suppose 3*x + 18 = 3*l, -4*x = -l + 2 + 10. Is (4 + 814)/2 - x composite?
True
Let v(p) = -p**3 - p**2 + p + 159. Let t be v(0). Suppose 0*g = -3*g + 5*y + t, -2*g + 106 = 3*y. Is g composite?
False
Suppose 0 = 2*c - 4*c + 4. Suppose -2*z + 37 + 21 = -4*x, c*z = 3*x + 62. Is z composite?
False
Suppose -5*d + 696 = -4*d. Suppose -5*t + 259 = -d. Is t a composite number?
False
Suppose 5*i - 6 = d + 4, -4*d = 3*i + 17. Let x be (-124)/8*(i + -5). Let m = x + -37. Is m a composite number?
True
Let k = 776 - 550. Let g = k - 60. Is (-12)/(-8)*g/3 prime?
True
Let o(f) = -26*f + 5. Suppose n + 6 = -3. Is o(n) a co